{"id":1271,"date":"2025-06-24T12:40:29","date_gmt":"2025-06-24T10:40:29","guid":{"rendered":"https:\/\/leboisdavanton.fr\/?page_id=1271"},"modified":"2026-01-18T15:38:24","modified_gmt":"2026-01-18T14:38:24","slug":"visite-en-video-de-la-pension","status":"publish","type":"page","link":"https:\/\/leboisdavanton.fr\/?page_id=1271","title":{"rendered":"Visite en vid\u00e9o de notre pension canine"},"content":{"rendered":"\n\n\n<h2 class=\"wp-block-heading has-text-align-center has-x-large-font-size\"><strong><em>Visite en vid\u00e9o de notre pension canine<\/em><\/strong><\/h2>\n\n\n\n<p>D\u00e9couvrez notre <strong>vid\u00e9o de la pension canine<\/strong> situ\u00e9e \u00e0 Avanton, pr\u00e8s de Poitiers (86). Cette visite vous permet de voir tous les espaces dans lesquels votre chien sera accueilli et h\u00e9berg\u00e9 pendant son s\u00e9jour.<\/p>\n\n\n\n<p>Dans cette vid\u00e9o, vous pourrez observer :<\/p>\n\n\n\n<ul class=\"wp-block-list\">\n<li>Nos chalets spacieux et confortables pour chiens, con\u00e7us pour leur s\u00e9curit\u00e9 et leur bien-\u00eatre.<\/li>\n\n\n\n<li>Le grand terrain de 600 m\u00b2 s\u00e9curis\u00e9 o\u00f9 les chiens peuvent se d\u00e9penser et se d\u00e9tendre.<\/li>\n\n\n\n<li>Le cadre bois\u00e9 de 2 hectares qui offre calme et s\u00e9r\u00e9nit\u00e9, id\u00e9al pour des vacances ou un s\u00e9jour temporaire.<\/li>\n<\/ul>\n\n\n\n<p>Notre pension accueille <strong>toutes les races de chiens<\/strong>, y compris les chiens de cat\u00e9gorie. Gr\u00e2ce \u00e0 notre exp\u00e9rience en soins et en \u00e9ducation canine, chaque animal est suivi avec attention.<\/p>\n\n\n\n<p>Si vous souhaitez en savoir plus ou visiter la pension en personne, <strong>n\u2019h\u00e9sitez pas \u00e0 nous contacter<\/strong> pour prendre rendez-vous.<\/p>\n\n\n\n<div style=\"width: 720px;\" class=\"wp-video\"><video class=\"wp-video-shortcode\" id=\"video-1271-1\" width=\"720\" height=\"1280\" preload=\"metadata\" controls=\"controls\"><source type=\"video\/mp4\" src=\"https:\/\/leboisdavanton.fr\/wp-content\/uploads\/2025\/06\/video-pension-canine.mp4?_=1\" \/><a href=\"https:\/\/leboisdavanton.fr\/wp-content\/uploads\/2025\/06\/video-pension-canine.mp4\">https:\/\/leboisdavanton.fr\/wp-content\/uploads\/2025\/06\/video-pension-canine.mp4<\/a><\/video><\/div>\n","protected":false},"excerpt":{"rendered":"<p>Visite en vid\u00e9o de notre pension canine D\u00e9couvrez notre vid\u00e9o de la pension canine situ\u00e9e \u00e0 Avanton, pr\u00e8s de Poitiers (86). Cette visite vous permet de voir tous les espaces dans lesquels votre chien sera accueilli et h\u00e9berg\u00e9 pendant son s\u00e9jour. Dans cette vid\u00e9o, vous pourrez observer : Notre pension accueille toutes les races de&hellip; <br \/> <a class=\"read-more\" href=\"https:\/\/leboisdavanton.fr\/?page_id=1271\">Lire la suite<\/a><\/p>\n","protected":false},"author":2,"featured_media":0,"parent":0,"menu_order":0,"comment_status":"closed","ping_status":"closed","template":"","meta":{"ngg_post_thumbnail":0,"footnotes":""},"class_list":["post-1271","page","type-page","status-publish","hentry"],"yoast_head":"<!-- This site is optimized with the Yoast SEO plugin v27.5 - https:\/\/yoast.com\/product\/yoast-seo-wordpress\/ -->\n<title>Vid\u00e9o pension canine \u00e0 Poitiers<\/title>\n<meta name=\"description\" content=\"D\u00e9couvrez en vid\u00e9o notre pension canine \u00e0 Poitiers : chalets, terrain s\u00e9curis\u00e9 et espaces de d\u00e9tente pour toutes races de chiens.\" \/>\n<meta name=\"robots\" content=\"index, follow, max-snippet:-1, max-image-preview:large, max-video-preview:-1\" \/>\n<link rel=\"canonical\" href=\"https:\/\/leboisdavanton.fr\/?page_id=1271\" \/>\n<meta property=\"og:locale\" content=\"fr_FR\" \/>\n<meta property=\"og:type\" content=\"article\" \/>\n<meta property=\"og:title\" content=\"Vid\u00e9o pension canine \u00e0 Poitiers\" \/>\n<meta property=\"og:description\" content=\"D\u00e9couvrez en vid\u00e9o notre pension canine \u00e0 Poitiers : chalets, terrain s\u00e9curis\u00e9 et espaces de d\u00e9tente pour toutes races de chiens.\" \/>\n<meta property=\"og:url\" content=\"https:\/\/leboisdavanton.fr\/?page_id=1271\" \/>\n<meta property=\"og:site_name\" content=\"Pension Canine Familiale-Les Bois d&#039;Avanton Poitiers-Vienne- 86\" \/>\n<meta property=\"article:modified_time\" content=\"2026-01-18T14:38:24+00:00\" \/>\n<meta name=\"twitter:card\" content=\"summary_large_image\" \/>\n<meta name=\"twitter:label1\" content=\"Dur\u00e9e de lecture estim\u00e9e\" \/>\n\t<meta name=\"twitter:data1\" content=\"1 minute\" \/>\n<script type=\"application\/ld+json\" class=\"yoast-schema-graph\">{\"@context\":\"https:\\\/\\\/schema.org\",\"@graph\":[{\"@type\":\"WebPage\",\"@id\":\"https:\\\/\\\/leboisdavanton.fr\\\/?page_id=1271\",\"url\":\"https:\\\/\\\/leboisdavanton.fr\\\/?page_id=1271\",\"name\":\"Vid\u00e9o pension canine \u00e0 Poitiers\",\"isPartOf\":{\"@id\":\"https:\\\/\\\/leboisdavanton.fr\\\/#website\"},\"datePublished\":\"2025-06-24T10:40:29+00:00\",\"dateModified\":\"2026-01-18T14:38:24+00:00\",\"description\":\"D\u00e9couvrez en vid\u00e9o notre pension canine \u00e0 Poitiers : chalets, terrain s\u00e9curis\u00e9 et espaces de d\u00e9tente pour toutes races de chiens.\",\"breadcrumb\":{\"@id\":\"https:\\\/\\\/leboisdavanton.fr\\\/?page_id=1271#breadcrumb\"},\"inLanguage\":\"fr-FR\",\"potentialAction\":[{\"@type\":\"ReadAction\",\"target\":[\"https:\\\/\\\/leboisdavanton.fr\\\/?page_id=1271\"]}]},{\"@type\":\"BreadcrumbList\",\"@id\":\"https:\\\/\\\/leboisdavanton.fr\\\/?page_id=1271#breadcrumb\",\"itemListElement\":[{\"@type\":\"ListItem\",\"position\":1,\"name\":\"Accueil\",\"item\":\"https:\\\/\\\/leboisdavanton.fr\\\/\"},{\"@type\":\"ListItem\",\"position\":2,\"name\":\"Visite en vid\u00e9o de notre pension canine\"}]},{\"@type\":\"WebSite\",\"@id\":\"https:\\\/\\\/leboisdavanton.fr\\\/#website\",\"url\":\"https:\\\/\\\/leboisdavanton.fr\\\/\",\"name\":\"Pension Canine Familiale-Les Bois d'avanton Poitiers-Vienne- 86\",\"description\":\"Pension pour Chien situ\u00e9e sur AVANTON dans un cadre bois\u00e9 de 2 hectares,dispose d\u2019un grand parc de d\u00e9tente de 600m2 dans la VIENNE (86) \u00e0 5 minutes du FUTUROSCOPE\",\"publisher\":{\"@id\":\"https:\\\/\\\/leboisdavanton.fr\\\/#organization\"},\"potentialAction\":[{\"@type\":\"SearchAction\",\"target\":{\"@type\":\"EntryPoint\",\"urlTemplate\":\"https:\\\/\\\/leboisdavanton.fr\\\/?s={search_term_string}\"},\"query-input\":{\"@type\":\"PropertyValueSpecification\",\"valueRequired\":true,\"valueName\":\"search_term_string\"}}],\"inLanguage\":\"fr-FR\"},{\"@type\":\"Organization\",\"@id\":\"https:\\\/\\\/leboisdavanton.fr\\\/#organization\",\"name\":\"Pension Canine Familiale-Les Bois d'avanton Poitiers-Vienne- 86\",\"url\":\"https:\\\/\\\/leboisdavanton.fr\\\/\",\"logo\":{\"@type\":\"ImageObject\",\"inLanguage\":\"fr-FR\",\"@id\":\"https:\\\/\\\/leboisdavanton.fr\\\/#\\\/schema\\\/logo\\\/image\\\/\",\"url\":\"https:\\\/\\\/leboisdavanton.fr\\\/wp-content\\\/uploads\\\/2019\\\/02\\\/article-presse-vienne-poitiers-86000.jpg\",\"contentUrl\":\"https:\\\/\\\/leboisdavanton.fr\\\/wp-content\\\/uploads\\\/2019\\\/02\\\/article-presse-vienne-poitiers-86000.jpg\",\"width\":1020,\"height\":573,\"caption\":\"Pension Canine Familiale-Les Bois d'avanton Poitiers-Vienne- 86\"},\"image\":{\"@id\":\"https:\\\/\\\/leboisdavanton.fr\\\/#\\\/schema\\\/logo\\\/image\\\/\"}}]}<\/script>\n<!-- \/ Yoast SEO plugin. -->","yoast_head_json":{"title":"Vid\u00e9o pension canine \u00e0 Poitiers","description":"D\u00e9couvrez en vid\u00e9o notre pension canine \u00e0 Poitiers : chalets, terrain s\u00e9curis\u00e9 et espaces de d\u00e9tente pour toutes races de chiens.","robots":{"index":"index","follow":"follow","max-snippet":"max-snippet:-1","max-image-preview":"max-image-preview:large","max-video-preview":"max-video-preview:-1"},"canonical":"https:\/\/leboisdavanton.fr\/?page_id=1271","og_locale":"fr_FR","og_type":"article","og_title":"Vid\u00e9o pension canine \u00e0 Poitiers","og_description":"D\u00e9couvrez en vid\u00e9o notre pension canine \u00e0 Poitiers : chalets, terrain s\u00e9curis\u00e9 et espaces de d\u00e9tente pour toutes races de chiens.","og_url":"https:\/\/leboisdavanton.fr\/?page_id=1271","og_site_name":"Pension Canine Familiale-Les Bois d&#039;Avanton Poitiers-Vienne- 86","article_modified_time":"2026-01-18T14:38:24+00:00","twitter_card":"summary_large_image","twitter_misc":{"Dur\u00e9e de lecture estim\u00e9e":"1 minute"},"schema":{"@context":"https:\/\/schema.org","@graph":[{"@type":"WebPage","@id":"https:\/\/leboisdavanton.fr\/?page_id=1271","url":"https:\/\/leboisdavanton.fr\/?page_id=1271","name":"Vid\u00e9o pension canine \u00e0 Poitiers","isPartOf":{"@id":"https:\/\/leboisdavanton.fr\/#website"},"datePublished":"2025-06-24T10:40:29+00:00","dateModified":"2026-01-18T14:38:24+00:00","description":"D\u00e9couvrez en vid\u00e9o notre pension canine \u00e0 Poitiers : chalets, terrain s\u00e9curis\u00e9 et espaces de d\u00e9tente pour toutes races de chiens.","breadcrumb":{"@id":"https:\/\/leboisdavanton.fr\/?page_id=1271#breadcrumb"},"inLanguage":"fr-FR","potentialAction":[{"@type":"ReadAction","target":["https:\/\/leboisdavanton.fr\/?page_id=1271"]}]},{"@type":"BreadcrumbList","@id":"https:\/\/leboisdavanton.fr\/?page_id=1271#breadcrumb","itemListElement":[{"@type":"ListItem","position":1,"name":"Accueil","item":"https:\/\/leboisdavanton.fr\/"},{"@type":"ListItem","position":2,"name":"Visite en vid\u00e9o de notre pension canine"}]},{"@type":"WebSite","@id":"https:\/\/leboisdavanton.fr\/#website","url":"https:\/\/leboisdavanton.fr\/","name":"Pension Canine Familiale-Les Bois d'avanton Poitiers-Vienne- 86","description":"Pension pour Chien situ\u00e9e sur AVANTON dans un cadre bois\u00e9 de 2 hectares,dispose d\u2019un grand parc de d\u00e9tente de 600m2 dans la VIENNE (86) \u00e0 5 minutes du FUTUROSCOPE","publisher":{"@id":"https:\/\/leboisdavanton.fr\/#organization"},"potentialAction":[{"@type":"SearchAction","target":{"@type":"EntryPoint","urlTemplate":"https:\/\/leboisdavanton.fr\/?s={search_term_string}"},"query-input":{"@type":"PropertyValueSpecification","valueRequired":true,"valueName":"search_term_string"}}],"inLanguage":"fr-FR"},{"@type":"Organization","@id":"https:\/\/leboisdavanton.fr\/#organization","name":"Pension Canine Familiale-Les Bois d'avanton Poitiers-Vienne- 86","url":"https:\/\/leboisdavanton.fr\/","logo":{"@type":"ImageObject","inLanguage":"fr-FR","@id":"https:\/\/leboisdavanton.fr\/#\/schema\/logo\/image\/","url":"https:\/\/leboisdavanton.fr\/wp-content\/uploads\/2019\/02\/article-presse-vienne-poitiers-86000.jpg","contentUrl":"https:\/\/leboisdavanton.fr\/wp-content\/uploads\/2019\/02\/article-presse-vienne-poitiers-86000.jpg","width":1020,"height":573,"caption":"Pension Canine Familiale-Les Bois d'avanton Poitiers-Vienne- 86"},"image":{"@id":"https:\/\/leboisdavanton.fr\/#\/schema\/logo\/image\/"}}]}},"_links":{"self":[{"href":"https:\/\/leboisdavanton.fr\/index.php?rest_route=\/wp\/v2\/pages\/1271","targetHints":{"allow":["GET"]}}],"collection":[{"href":"https:\/\/leboisdavanton.fr\/index.php?rest_route=\/wp\/v2\/pages"}],"about":[{"href":"https:\/\/leboisdavanton.fr\/index.php?rest_route=\/wp\/v2\/types\/page"}],"author":[{"embeddable":true,"href":"https:\/\/leboisdavanton.fr\/index.php?rest_route=\/wp\/v2\/users\/2"}],"replies":[{"embeddable":true,"href":"https:\/\/leboisdavanton.fr\/index.php?rest_route=%2Fwp%2Fv2%2Fcomments&post=1271"}],"version-history":[{"count":4,"href":"https:\/\/leboisdavanton.fr\/index.php?rest_route=\/wp\/v2\/pages\/1271\/revisions"}],"predecessor-version":[{"id":1392,"href":"https:\/\/leboisdavanton.fr\/index.php?rest_route=\/wp\/v2\/pages\/1271\/revisions\/1392"}],"wp:attachment":[{"href":"https:\/\/leboisdavanton.fr\/index.php?rest_route=%2Fwp%2Fv2%2Fmedia&parent=1271"}],"curies":[{"name":"wp","href":"https:\/\/api.w.org\/{rel}","templated":true}]}}