{"id":59,"date":"2019-02-28T21:51:55","date_gmt":"2019-02-28T20:51:55","guid":{"rendered":"http:\/\/localhost\/wordpress\/?page_id=59"},"modified":"2026-01-14T21:35:57","modified_gmt":"2026-01-14T20:35:57","slug":"fabrication-niches","status":"publish","type":"page","link":"https:\/\/leboisdavanton.fr\/?page_id=59","title":{"rendered":"Fabrication Niches"},"content":{"rendered":"\n<h1 class=\"wp-block-heading\" style=\"text-align:center\"><span style=\"color:#9ea9b2\" class=\"tadv-color\">Conception des chalets pour Chiens<\/span><\/h1>\n\n\n\n<p><span style=\"color:#313131\" class=\"tadv-color\">Notre \u00e9t\u00e9 fut consacr\u00e9 \u00e0 la fabrication de nos niches-chalets&#8230;! Nous tenions \u00e0 choisir un mod\u00e8le qui convenait parfaitement \u00e0 notre souhait.<\/span><\/p>\n\n\n\n<p><span style=\"color:#313131\" class=\"tadv-color\">Voici quelques photos pour illustrer notre travail&#8230;. de la livraison du bois, venant de la scierie, des nombreuses coupes, du montage des niches au transfert sur notre nouveau terrain !!!<\/span><\/p>\n\n\n\n<div class=\"wp-block-image\"><figure class=\"aligncenter\"><img loading=\"lazy\" decoding=\"async\" width=\"1024\" height=\"768\" src=\"https:\/\/leboisdavanton.fr\/wp-content\/uploads\/2019\/03\/pension-vienne-poitiers-1024x768.jpg\" alt=\"arrivage du bois pour construction niches pension canine\" class=\"wp-image-531\" srcset=\"https:\/\/leboisdavanton.fr\/wp-content\/uploads\/2019\/03\/pension-vienne-poitiers-1024x768.jpg 1024w, https:\/\/leboisdavanton.fr\/wp-content\/uploads\/2019\/03\/pension-vienne-poitiers-300x225.jpg 300w, https:\/\/leboisdavanton.fr\/wp-content\/uploads\/2019\/03\/pension-vienne-poitiers-768x576.jpg 768w, https:\/\/leboisdavanton.fr\/wp-content\/uploads\/2019\/03\/pension-vienne-poitiers-1440x1080.jpg 1440w\" sizes=\"auto, (max-width: 1024px) 100vw, 1024px\" \/><\/figure><\/div>\n\n\n\n<div class=\"wp-block-image\"><figure class=\"aligncenter\"><img loading=\"lazy\" decoding=\"async\" width=\"1024\" height=\"768\" src=\"https:\/\/leboisdavanton.fr\/wp-content\/uploads\/2019\/03\/niche-chien-1024x768.jpg\" alt=\"coupe de tous les bois pour fabrication niche pour chien\" class=\"wp-image-529\" srcset=\"https:\/\/leboisdavanton.fr\/wp-content\/uploads\/2019\/03\/niche-chien-1024x768.jpg 1024w, https:\/\/leboisdavanton.fr\/wp-content\/uploads\/2019\/03\/niche-chien-300x225.jpg 300w, https:\/\/leboisdavanton.fr\/wp-content\/uploads\/2019\/03\/niche-chien-768x576.jpg 768w, https:\/\/leboisdavanton.fr\/wp-content\/uploads\/2019\/03\/niche-chien-1440x1080.jpg 1440w\" sizes=\"auto, (max-width: 1024px) 100vw, 1024px\" \/><\/figure><\/div>\n\n\n\n<div class=\"wp-block-image\"><figure class=\"aligncenter\"><img loading=\"lazy\" decoding=\"async\" width=\"1024\" height=\"768\" src=\"https:\/\/leboisdavanton.fr\/wp-content\/uploads\/2019\/03\/poitiers-1024x768.jpg\" alt=\"pi\u00e8ces des niches garde de chien\" class=\"wp-image-532\" srcset=\"https:\/\/leboisdavanton.fr\/wp-content\/uploads\/2019\/03\/poitiers-1024x768.jpg 1024w, https:\/\/leboisdavanton.fr\/wp-content\/uploads\/2019\/03\/poitiers-300x225.jpg 300w, https:\/\/leboisdavanton.fr\/wp-content\/uploads\/2019\/03\/poitiers-768x576.jpg 768w, https:\/\/leboisdavanton.fr\/wp-content\/uploads\/2019\/03\/poitiers-1440x1080.jpg 1440w\" sizes=\"auto, (max-width: 1024px) 100vw, 1024px\" \/><\/figure><\/div>\n\n\n\n<div class=\"wp-block-image\"><figure class=\"aligncenter\"><img loading=\"lazy\" decoding=\"async\" width=\"1024\" height=\"768\" src=\"https:\/\/leboisdavanton.fr\/wp-content\/uploads\/2019\/03\/86000-poitiers-1024x768.jpg\" alt=\"\" class=\"wp-image-524\" srcset=\"https:\/\/leboisdavanton.fr\/wp-content\/uploads\/2019\/03\/86000-poitiers-1024x768.jpg 1024w, https:\/\/leboisdavanton.fr\/wp-content\/uploads\/2019\/03\/86000-poitiers-300x225.jpg 300w, https:\/\/leboisdavanton.fr\/wp-content\/uploads\/2019\/03\/86000-poitiers-768x576.jpg 768w, https:\/\/leboisdavanton.fr\/wp-content\/uploads\/2019\/03\/86000-poitiers-1440x1080.jpg 1440w\" sizes=\"auto, (max-width: 1024px) 100vw, 1024px\" \/><\/figure><\/div>\n\n\n\n<div class=\"wp-block-image\"><figure class=\"aligncenter\"><img loading=\"lazy\" decoding=\"async\" width=\"1024\" height=\"768\" src=\"https:\/\/leboisdavanton.fr\/wp-content\/uploads\/2019\/03\/niche-1024x768.jpg\" alt=\"niche en construction\" class=\"wp-image-525\" srcset=\"https:\/\/leboisdavanton.fr\/wp-content\/uploads\/2019\/03\/niche-1024x768.jpg 1024w, https:\/\/leboisdavanton.fr\/wp-content\/uploads\/2019\/03\/niche-300x225.jpg 300w, https:\/\/leboisdavanton.fr\/wp-content\/uploads\/2019\/03\/niche-768x576.jpg 768w, https:\/\/leboisdavanton.fr\/wp-content\/uploads\/2019\/03\/niche-1440x1080.jpg 1440w\" sizes=\"auto, (max-width: 1024px) 100vw, 1024px\" \/><\/figure><\/div>\n\n\n\n<div class=\"wp-block-image\"><figure class=\"aligncenter\"><img loading=\"lazy\" decoding=\"async\" width=\"1024\" height=\"768\" src=\"https:\/\/leboisdavanton.fr\/wp-content\/uploads\/2019\/03\/pension-1024x768.jpg\" alt=\"niche dans les bois de la pension canine\" class=\"wp-image-526\" srcset=\"https:\/\/leboisdavanton.fr\/wp-content\/uploads\/2019\/03\/pension-1024x768.jpg 1024w, https:\/\/leboisdavanton.fr\/wp-content\/uploads\/2019\/03\/pension-300x225.jpg 300w, https:\/\/leboisdavanton.fr\/wp-content\/uploads\/2019\/03\/pension-768x576.jpg 768w, https:\/\/leboisdavanton.fr\/wp-content\/uploads\/2019\/03\/pension-1440x1080.jpg 1440w\" sizes=\"auto, (max-width: 1024px) 100vw, 1024px\" \/><\/figure><\/div>\n","protected":false},"excerpt":{"rendered":"<p>Conception des chalets pour Chiens Notre \u00e9t\u00e9 fut consacr\u00e9 \u00e0 la fabrication de nos niches-chalets&#8230;! Nous tenions \u00e0 choisir un mod\u00e8le qui convenait parfaitement \u00e0 notre souhait. Voici quelques photos pour illustrer notre travail&#8230;. de la livraison du bois, venant de la scierie, des nombreuses coupes, du montage des niches au transfert sur notre nouveau&hellip; <br \/> <a class=\"read-more\" href=\"https:\/\/leboisdavanton.fr\/?page_id=59\">Lire la suite<\/a><\/p>\n","protected":false},"author":2,"featured_media":0,"parent":0,"menu_order":0,"comment_status":"closed","ping_status":"closed","template":"","meta":{"ngg_post_thumbnail":0,"footnotes":""},"class_list":["post-59","page","type-page","status-publish","hentry"],"yoast_head":"<!-- This site is optimized with the Yoast SEO plugin v27.4 - https:\/\/yoast.com\/product\/yoast-seo-wordpress\/ -->\n<title>Fabrication Niches - Pension Canine Familiale-Les Bois d&#039;Avanton Poitiers-Vienne- 86<\/title>\n<meta name=\"description\" content=\"D\u00e9couvrez la fabrication de nos chalets pour chiens, de la scierie au montage final, dans notre pension canine pr\u00e8s de Poitiers.\" \/>\n<meta name=\"robots\" content=\"index, follow, max-snippet:-1, max-image-preview:large, max-video-preview:-1\" \/>\n<link rel=\"canonical\" href=\"https:\/\/leboisdavanton.fr\/?page_id=59\" \/>\n<meta property=\"og:locale\" content=\"fr_FR\" \/>\n<meta property=\"og:type\" content=\"article\" \/>\n<meta property=\"og:title\" content=\"Fabrication Niches - Pension Canine Familiale-Les Bois d&#039;Avanton Poitiers-Vienne- 86\" \/>\n<meta property=\"og:description\" content=\"D\u00e9couvrez la fabrication de nos chalets pour chiens, de la scierie au montage final, dans notre pension canine pr\u00e8s de Poitiers.\" \/>\n<meta property=\"og:url\" content=\"https:\/\/leboisdavanton.fr\/?page_id=59\" \/>\n<meta property=\"og:site_name\" content=\"Pension Canine Familiale-Les Bois d&#039;Avanton Poitiers-Vienne- 86\" \/>\n<meta property=\"article:modified_time\" content=\"2026-01-14T20:35:57+00:00\" \/>\n<meta property=\"og:image\" content=\"http:\/\/leboisdavanton.fr\/wp-content\/uploads\/2019\/03\/pension-vienne-poitiers-1024x768.jpg\" \/>\n<meta name=\"twitter:card\" content=\"summary_large_image\" \/>\n<meta name=\"twitter:label1\" content=\"Dur\u00e9e de lecture estim\u00e9e\" \/>\n\t<meta name=\"twitter:data1\" content=\"2 minutes\" \/>\n<script type=\"application\/ld+json\" class=\"yoast-schema-graph\">{\"@context\":\"https:\\\/\\\/schema.org\",\"@graph\":[{\"@type\":\"WebPage\",\"@id\":\"https:\\\/\\\/leboisdavanton.fr\\\/?page_id=59\",\"url\":\"https:\\\/\\\/leboisdavanton.fr\\\/?page_id=59\",\"name\":\"Fabrication Niches - Pension Canine Familiale-Les Bois d&#039;Avanton Poitiers-Vienne- 86\",\"isPartOf\":{\"@id\":\"https:\\\/\\\/leboisdavanton.fr\\\/#website\"},\"primaryImageOfPage\":{\"@id\":\"https:\\\/\\\/leboisdavanton.fr\\\/?page_id=59#primaryimage\"},\"image\":{\"@id\":\"https:\\\/\\\/leboisdavanton.fr\\\/?page_id=59#primaryimage\"},\"thumbnailUrl\":\"http:\\\/\\\/leboisdavanton.fr\\\/wp-content\\\/uploads\\\/2019\\\/03\\\/pension-vienne-poitiers-1024x768.jpg\",\"datePublished\":\"2019-02-28T20:51:55+00:00\",\"dateModified\":\"2026-01-14T20:35:57+00:00\",\"description\":\"D\u00e9couvrez la fabrication de nos chalets pour chiens, de la scierie au montage final, dans notre pension canine pr\u00e8s de Poitiers.\",\"breadcrumb\":{\"@id\":\"https:\\\/\\\/leboisdavanton.fr\\\/?page_id=59#breadcrumb\"},\"inLanguage\":\"fr-FR\",\"potentialAction\":[{\"@type\":\"ReadAction\",\"target\":[\"https:\\\/\\\/leboisdavanton.fr\\\/?page_id=59\"]}]},{\"@type\":\"ImageObject\",\"inLanguage\":\"fr-FR\",\"@id\":\"https:\\\/\\\/leboisdavanton.fr\\\/?page_id=59#primaryimage\",\"url\":\"http:\\\/\\\/leboisdavanton.fr\\\/wp-content\\\/uploads\\\/2019\\\/03\\\/pension-vienne-poitiers-1024x768.jpg\",\"contentUrl\":\"http:\\\/\\\/leboisdavanton.fr\\\/wp-content\\\/uploads\\\/2019\\\/03\\\/pension-vienne-poitiers-1024x768.jpg\"},{\"@type\":\"BreadcrumbList\",\"@id\":\"https:\\\/\\\/leboisdavanton.fr\\\/?page_id=59#breadcrumb\",\"itemListElement\":[{\"@type\":\"ListItem\",\"position\":1,\"name\":\"Accueil\",\"item\":\"https:\\\/\\\/leboisdavanton.fr\\\/\"},{\"@type\":\"ListItem\",\"position\":2,\"name\":\"Fabrication Niches\"}]},{\"@type\":\"WebSite\",\"@id\":\"https:\\\/\\\/leboisdavanton.fr\\\/#website\",\"url\":\"https:\\\/\\\/leboisdavanton.fr\\\/\",\"name\":\"Pension Canine Familiale-Les Bois d'avanton Poitiers-Vienne- 86\",\"description\":\"Pension pour Chien situ\u00e9e sur AVANTON dans un cadre bois\u00e9 de 2 hectares,dispose d\u2019un grand parc de d\u00e9tente de 600m2 dans la VIENNE (86) \u00e0 5 minutes du FUTUROSCOPE\",\"publisher\":{\"@id\":\"https:\\\/\\\/leboisdavanton.fr\\\/#organization\"},\"potentialAction\":[{\"@type\":\"SearchAction\",\"target\":{\"@type\":\"EntryPoint\",\"urlTemplate\":\"https:\\\/\\\/leboisdavanton.fr\\\/?s={search_term_string}\"},\"query-input\":{\"@type\":\"PropertyValueSpecification\",\"valueRequired\":true,\"valueName\":\"search_term_string\"}}],\"inLanguage\":\"fr-FR\"},{\"@type\":\"Organization\",\"@id\":\"https:\\\/\\\/leboisdavanton.fr\\\/#organization\",\"name\":\"Pension Canine Familiale-Les Bois d'avanton Poitiers-Vienne- 86\",\"url\":\"https:\\\/\\\/leboisdavanton.fr\\\/\",\"logo\":{\"@type\":\"ImageObject\",\"inLanguage\":\"fr-FR\",\"@id\":\"https:\\\/\\\/leboisdavanton.fr\\\/#\\\/schema\\\/logo\\\/image\\\/\",\"url\":\"https:\\\/\\\/leboisdavanton.fr\\\/wp-content\\\/uploads\\\/2019\\\/02\\\/article-presse-vienne-poitiers-86000.jpg\",\"contentUrl\":\"https:\\\/\\\/leboisdavanton.fr\\\/wp-content\\\/uploads\\\/2019\\\/02\\\/article-presse-vienne-poitiers-86000.jpg\",\"width\":1020,\"height\":573,\"caption\":\"Pension Canine Familiale-Les Bois d'avanton Poitiers-Vienne- 86\"},\"image\":{\"@id\":\"https:\\\/\\\/leboisdavanton.fr\\\/#\\\/schema\\\/logo\\\/image\\\/\"}}]}<\/script>\n<!-- \/ Yoast SEO plugin. -->","yoast_head_json":{"title":"Fabrication Niches - Pension Canine Familiale-Les Bois d&#039;Avanton Poitiers-Vienne- 86","description":"D\u00e9couvrez la fabrication de nos chalets pour chiens, de la scierie au montage final, dans notre pension canine pr\u00e8s de Poitiers.","robots":{"index":"index","follow":"follow","max-snippet":"max-snippet:-1","max-image-preview":"max-image-preview:large","max-video-preview":"max-video-preview:-1"},"canonical":"https:\/\/leboisdavanton.fr\/?page_id=59","og_locale":"fr_FR","og_type":"article","og_title":"Fabrication Niches - Pension Canine Familiale-Les Bois d&#039;Avanton Poitiers-Vienne- 86","og_description":"D\u00e9couvrez la fabrication de nos chalets pour chiens, de la scierie au montage final, dans notre pension canine pr\u00e8s de Poitiers.","og_url":"https:\/\/leboisdavanton.fr\/?page_id=59","og_site_name":"Pension Canine Familiale-Les Bois d&#039;Avanton Poitiers-Vienne- 86","article_modified_time":"2026-01-14T20:35:57+00:00","og_image":[{"url":"http:\/\/leboisdavanton.fr\/wp-content\/uploads\/2019\/03\/pension-vienne-poitiers-1024x768.jpg","type":"","width":"","height":""}],"twitter_card":"summary_large_image","twitter_misc":{"Dur\u00e9e de lecture estim\u00e9e":"2 minutes"},"schema":{"@context":"https:\/\/schema.org","@graph":[{"@type":"WebPage","@id":"https:\/\/leboisdavanton.fr\/?page_id=59","url":"https:\/\/leboisdavanton.fr\/?page_id=59","name":"Fabrication Niches - Pension Canine Familiale-Les Bois d&#039;Avanton Poitiers-Vienne- 86","isPartOf":{"@id":"https:\/\/leboisdavanton.fr\/#website"},"primaryImageOfPage":{"@id":"https:\/\/leboisdavanton.fr\/?page_id=59#primaryimage"},"image":{"@id":"https:\/\/leboisdavanton.fr\/?page_id=59#primaryimage"},"thumbnailUrl":"http:\/\/leboisdavanton.fr\/wp-content\/uploads\/2019\/03\/pension-vienne-poitiers-1024x768.jpg","datePublished":"2019-02-28T20:51:55+00:00","dateModified":"2026-01-14T20:35:57+00:00","description":"D\u00e9couvrez la fabrication de nos chalets pour chiens, de la scierie au montage final, dans notre pension canine pr\u00e8s de Poitiers.","breadcrumb":{"@id":"https:\/\/leboisdavanton.fr\/?page_id=59#breadcrumb"},"inLanguage":"fr-FR","potentialAction":[{"@type":"ReadAction","target":["https:\/\/leboisdavanton.fr\/?page_id=59"]}]},{"@type":"ImageObject","inLanguage":"fr-FR","@id":"https:\/\/leboisdavanton.fr\/?page_id=59#primaryimage","url":"http:\/\/leboisdavanton.fr\/wp-content\/uploads\/2019\/03\/pension-vienne-poitiers-1024x768.jpg","contentUrl":"http:\/\/leboisdavanton.fr\/wp-content\/uploads\/2019\/03\/pension-vienne-poitiers-1024x768.jpg"},{"@type":"BreadcrumbList","@id":"https:\/\/leboisdavanton.fr\/?page_id=59#breadcrumb","itemListElement":[{"@type":"ListItem","position":1,"name":"Accueil","item":"https:\/\/leboisdavanton.fr\/"},{"@type":"ListItem","position":2,"name":"Fabrication Niches"}]},{"@type":"WebSite","@id":"https:\/\/leboisdavanton.fr\/#website","url":"https:\/\/leboisdavanton.fr\/","name":"Pension Canine Familiale-Les Bois d'avanton Poitiers-Vienne- 86","description":"Pension pour Chien situ\u00e9e sur AVANTON dans un cadre bois\u00e9 de 2 hectares,dispose d\u2019un grand parc de d\u00e9tente de 600m2 dans la VIENNE (86) \u00e0 5 minutes du FUTUROSCOPE","publisher":{"@id":"https:\/\/leboisdavanton.fr\/#organization"},"potentialAction":[{"@type":"SearchAction","target":{"@type":"EntryPoint","urlTemplate":"https:\/\/leboisdavanton.fr\/?s={search_term_string}"},"query-input":{"@type":"PropertyValueSpecification","valueRequired":true,"valueName":"search_term_string"}}],"inLanguage":"fr-FR"},{"@type":"Organization","@id":"https:\/\/leboisdavanton.fr\/#organization","name":"Pension Canine Familiale-Les Bois d'avanton Poitiers-Vienne- 86","url":"https:\/\/leboisdavanton.fr\/","logo":{"@type":"ImageObject","inLanguage":"fr-FR","@id":"https:\/\/leboisdavanton.fr\/#\/schema\/logo\/image\/","url":"https:\/\/leboisdavanton.fr\/wp-content\/uploads\/2019\/02\/article-presse-vienne-poitiers-86000.jpg","contentUrl":"https:\/\/leboisdavanton.fr\/wp-content\/uploads\/2019\/02\/article-presse-vienne-poitiers-86000.jpg","width":1020,"height":573,"caption":"Pension Canine Familiale-Les Bois d'avanton Poitiers-Vienne- 86"},"image":{"@id":"https:\/\/leboisdavanton.fr\/#\/schema\/logo\/image\/"}}]}},"_links":{"self":[{"href":"https:\/\/leboisdavanton.fr\/index.php?rest_route=\/wp\/v2\/pages\/59","targetHints":{"allow":["GET"]}}],"collection":[{"href":"https:\/\/leboisdavanton.fr\/index.php?rest_route=\/wp\/v2\/pages"}],"about":[{"href":"https:\/\/leboisdavanton.fr\/index.php?rest_route=\/wp\/v2\/types\/page"}],"author":[{"embeddable":true,"href":"https:\/\/leboisdavanton.fr\/index.php?rest_route=\/wp\/v2\/users\/2"}],"replies":[{"embeddable":true,"href":"https:\/\/leboisdavanton.fr\/index.php?rest_route=%2Fwp%2Fv2%2Fcomments&post=59"}],"version-history":[{"count":17,"href":"https:\/\/leboisdavanton.fr\/index.php?rest_route=\/wp\/v2\/pages\/59\/revisions"}],"predecessor-version":[{"id":746,"href":"https:\/\/leboisdavanton.fr\/index.php?rest_route=\/wp\/v2\/pages\/59\/revisions\/746"}],"wp:attachment":[{"href":"https:\/\/leboisdavanton.fr\/index.php?rest_route=%2Fwp%2Fv2%2Fmedia&parent=59"}],"curies":[{"name":"wp","href":"https:\/\/api.w.org\/{rel}","templated":true}]}}